e 2174/3 - 8/a. Calculate the remainder when (-14)/(-91) + b/26 is divided by 10.
8
Let m(d) = -d**3 + 11*d**2 - 10*d - 6. Let r be m(10). What is the remainder when (-4537)/(-78) + (-1)/6*1 is divided by 9/2*(-20)/r?
13
Let t be 2/10 - (-108)/10. Let z = -6 + t. Calculate the remainder when 12 is divided by (-5 + 9)*z/4.
2
Suppose v - 12 = -0*v. Let d = 18 - v. Suppose 27 = d*t - 3*t. What is the remainder when 35 is divided by t?
8
Suppose -430 - 186 = -4*a. Calculate the remainder when a is divided by 41.
31
Suppose 2 = 12*n - 11*n. Calculate the remainder when -1 + 64 + -6 + n is divided by 12.
11
Suppose 3*z - 4*t - 550 = 395, 316 = z - t. What is the remainder when z is divided by 64?
63
Let v(b) = b**2 + 13*b + 56. What is the remainder when v(-14) is divided by 34?
2
Suppose 3*a - x - 21 = -2*x, 5*x = 2*a - 14. Suppose 4*t = 40 + 16. Calculate the remainder when a is divided by t/(-49) - 46/(-14).
1
Let p = -39 - -42. Suppose -172 = -p*t + 83. What is the remainder when t is divided by 11?
8
Let l = 18 + 27. What is the remainder when (1 - l/(-20))*(0 - -32) is divided by 21?
20
Suppose -324 = -2*d - d. Let y = d + -94. Calculate the remainder when y is divided by 4.
2
Let d(n) = 15*n - 4. Suppose -13 = -10*f + 7. What is the remainder when 97 is divided by d(f)?
19
Suppose 884*f - 873*f - 264 = 0. What is the remainder when 55 is divided by f?
7
Let l be 24/(-60) + 54/10. Let u(b) = 7*b. Calculate the remainder when u(l) is divided by (-55)/(-3) + 6/9.
16
Let r be (-8 + 1)/((-1)/3). Let i be (-14)/r*(-6)/(-4). Calculate the remainder when ((-134)/4)/(i/2) is divided by 17.
16
Let t(d) = d**2 - 5*d - 4. Let k be t(5). What is the remainder when k/(-3) - 113/(-3) is divided by 8?
7
Let x(h) = -h**2 - 11*h + 4. Let j be x(-11). Suppose 5*i = 2*f - 33, 2*f + j*i - 3 = -15. What is the remainder when 5 is divided by f?
1
Let u = 27 - 2. Suppose 65 = u*x - 20*x. Calculate the remainder when 102 is divided by x.
11
Suppose 2*n - 389 = -3*i, -150 = -4*n + 4*i + 658. Calculate the remainder when n is divided by 50.
49
Let t = 182 - 124. Suppose -3*k - 2*d + 76 = -2*k, 4*k - d - 277 = 0. Suppose -g = -x + 10, -3*g = 4*x - g - k. Calculate the remainder when t is divided by x.
13
Let i(x) = -3*x + 38. Suppose -q - 5*k - 9 = 0, -2*q - 42 = -4*q + 5*k. What is the remainder when 47 is divided by i(q)?
2
Suppose 2*s + 2*l - 60 - 30 = 0, 0 = 5*l - 5. Calculate the remainder when s is divided by 23.
21
Suppose -16 - 279 = -4*w + 5*v, 3*v = 3*w - 225. Suppose 3*r - 491 = -5*m - w, -3*m + 255 = -r. What is the remainder when m is divided by 17?
16
What is the remainder when (-4170)/9*108/(-90) is divided by 93?
91
Let c be (11 - 2) + 3 + -4. Let x(r) = r**2 - 6*r - 7. Calculate the remainder when 34 is divided by x(c).
7
Suppose 3*u + 10 = 43. Suppose -118 = 3*b - 139. What is the remainder when u is divided by b?
4
Let v(h) = -h**3 - 7*h**2 - 5*h - 27. Calculate the remainder when 54 is divided by v(-7).
6
Let g = -64 + 268. Calculate the remainder when g is divided by 23.
20
Suppose -496 = 22*d - 24*d. Calculate the remainder when d is divided by 83.
82
Suppose 4*g - 312 = -4*j + 640, -j + g = -246. What is the remainder when j is divided by 28?
18
Let v = 59 + -58. Calculate the remainder when 102 is divided by (v + -3)/((-309)/(-63) - 5).
18
Let j(k) be the third derivative of k**4/8 + 13*k**3/2 + 8*k**2. What is the remainder when 24 is divided by j(-10)?
6
Let d be 4326/15 - 4/10. Suppose z = 3*m + d, -2*m = -2*z - 24 + 604. What is the remainder when z is divided by 49?
46
Let o = 5 - -37. Suppose o = 5*c - 93. Calculate the remainder when 53 is divided by c.
26
Suppose r - 97 = -2*j - 0*j, -4*r - 82 = -2*j. What is the remainder when 699 is divided by j?
41
Let a = -17 - -48. Suppose -5*c - 3*s + 585 = 0, 2*c - 105 - 128 = -s. Let m = c - 24. What is the remainder when m is divided by a?
28
Let r(m) = -m**2 + 18*m - 20. What is the remainder when 66 is divided by r(9)?
5
Suppose -3*z = -o - 209, 278 = 10*z - 6*z - o. What is the remainder when 201 is divided by z?
63
Let m(n) = 3*n**2 + 55*n + 2. Calculate the remainder when m(-21) is divided by 55.
5
Let t(v) = -40*v + 7. Let l(i) be the first derivative of i**4/4 - i**3 - 7*i**2/2 + 3*i - 1. Calculate the remainder when l(5) is divided by t(0).
4
Suppose -10*b - 2844 = -16*b. What is the remainder when b is divided by 19?
18
Let u(y) = -y**3 + 63*y**2 + 7*y - 438. Suppose -5*k + 5 + 15 = 0. Calculate the remainder when k is divided by u(63).
1
Suppose 3 + 17 = 5*k. Suppose k*f - 70 = -f. Calculate the remainder when 26 is divided by f.
12
Let h(q) = -3*q + 11. Let j(n) = -2*n + 11. Let m(c) = -3*h(c) + 4*j(c). What is the remainder when m(8) is divided by 12?
7
Let x(d) = 4 - 6 - 7*d + 10. What is the remainder when 71 is divided by x(-4)?
35
Suppose -5*p = o - 25, -p + 5*o - 13 = 2*p. Suppose 4*z - 62 - 202 = -p*d, -2*d - 4*z + 134 = 0. What is the remainder when d is divided by 22?
21
Let n(k) = -k**3 + 6*k**2 - 9*k + 6. Let t be n(4). Suppose 4 - 88 = -t*q - 5*m, -m + 84 = 2*q. Calculate the remainder when 81 is divided by q.
39
Suppose 2*m + 19 = 3*f, -4*f - m + 4 = -3. Suppose -f*p - 15 = -3, 2*v + 4*p - 24 = 0. Calculate the remainder when v is divided by 7.
6
Calculate the remainder when 27 is divided by (2/2)/(1*4/52).
1
Let o(j) = -j**3 - j**2 + j - 4. Suppose 0 = 3*m + m. Let x be o(m). Calculate the remainder when 20 is divided by (x - (-1 + 4))/(-1).
6
Let g be ((-2)/(-3)*237)/(-2). Let m = 22 - g. Suppose -m - 31 = -3*o. What is the remainder when o is divided by 15?
14
Suppose 3*j = 31*j - 700. Calculate the remainder when j is divided by 18.
7
Let k = 5534 - 5516. Suppose 3*f + 0*t - t - 86 = 0, f - 3*t - 42 = 0. What is the remainder when f is divided by k?
9
Suppose -21*k = -24*k - 3, -4*n + k = -1977. Calculate the remainder when n is divided by 16.
14
Let x = -11 + 19. Let g(q) = 157*q + 666. What is the remainder when g(-4) is divided by x?
6
Let o = -120 - -136. Calculate the remainder when 202 is divided by o.
10
Suppose -86*k = -98*k + 1344. Calculate the remainder when k is divided by 39.
34
Suppose 722*x - 710*x = 348. Calculate the remainder when x is divided by 15.
14
What is the remainder when 15302/42 + ((-15)/(-9) - 1) is divided by 23?
20
Suppose -12*b = -138 - 198. What is the remainder when 56 is divided by b?
0
Suppose -b = -5*l + 6*l + 19, 3*b = 2*l - 82. Let m(i) = i**3 - i**2 + 58. Calculate the remainder when m(0) is divided by (b/16)/(2/(-16)).
10
Let d(s) = -s**2 + 8*s. Let o(w) = w**2 + 7*w - 3. Let k be o(-8). Let i = -36 + 44. Calculate the remainder when d(k) is divided by i.
7
Let a = -214 + 322. What is the remainder when a is divided by -1 + (6 + -9)/((-3)/17)?
12
Let k = 19 + -13. Suppose 5*c - 294 = k*c. Calculate the remainder when 18 is divided by 2/10 - c/30.
8
Let g be ((-30)/14)/(-5)*7. Suppose 3*c - n - 85 = 3*n, -g*c - n = -65. Calculate the remainder when 110 is divided by c.
18
Let h be 2 - 15/((-6)/(-2)). Let b(t) = -2*t**3 - 6*t**2 + t + 1. Calculate the remainder when b(-5) is divided by 12*3 + (-6 - h).
30
Let m be (1 - (0 + 4)) + 12. Let l(n) = -n**2 + 8*n + 23. Calculate the remainder when l(m) is divided by 6.
2
Suppose 0 = -14*i + 12*i + 278. Suppose 6*g - 11 = i. Calculate the remainder when 49 is divided by g.
24
Suppose 627 = -0*p + 11*p. Calculate the remainder when 168 is divided by p.
54
Let v = -372 + 397. Calculate the remainder when 56 is divided by v.
6
Let n = 6 + 1. Suppose 50 = n*a + 8. Calculate the remainder when 16 is divided by a.
4
What is the remainder when 26 is divided by (4 + (-6)/9)*21/7?
6
Suppose 3*s - 9 - 3 = 0. Calculate the remainder when (-86)/(-8) - (-1)/4 is divided by s.
3
Let j = 630 + -416. Calculate the remainder when j is divided by 72.
70
Suppose 5*b - 167 - 3 = 0. What is the remainder when 39567/297 + (8/18)/(-2) is divided by b?
31
Let t be (45/12)/((-2)/(-48)). Let r = t - 60. Calculate the remainder when r is divided by 5/10 - 31/(-2).
14
Let y be (-408)/(-32) - ((-33)/(-12) - 2). Suppose -y*q + 771 + 885 = 0. Calculate the remainder when q is divided by 37.
27
Suppose -5*f + 3*s = -12, 4*s + 8 + 8 = -2*f. Let p = f - -4. Suppose -5*o + 18 = -p*u + u, 5*u + 5 = 0. What is the remai